s the value of 1122 + -1139 + (14 - -1) + 1?
-1
92 + (97 - (153 - -15))
21
What is (49 - 1) + 866 + -861?
53
Calculate (57 - 23 - 2) + 38 + -99.
-29
What is -11 + 23 + -16 + -33 - -1?
-36
Calculate 45 - ((5 - -1) + -11 + (21 - 14)).
43
Evaluate 75 + (-2 - 12) + (8 - (22 + (3 - 22))).
66
Calculate (8 + 9 - 3) + 42 + -49 - 8.
-1
What is -3 - 3 - 5 - -7 - 2 - (47 - -1)?
-54
What is 0 - ((-169 - -135) + 1 + (0 - -9))?
24
What is the value of -46 + (-50 - -3 - -4 - -37)?
-52
Evaluate 11 + 6 + 83 + (-8 - (-11 + 5)) + 10.
108
What is (4 + 15 - 1) + (41 - (-130 + 309))?
-120
3 + -3 + (-14 - (-5 - (-15 + 14))) + -24
-34
What is the value of -1 + 4 + (12 + -13 - ((-1 - 39) + 10))?
32
(-68 - 44) + 106 + 89
83
What is 18 + (-168 - -5 - (-20 - (23 + -36)))?
-138
What is the value of 1 - -11 - (2343 + -2376)?
45
Evaluate -37 + (-47 + -37 + 15 - -36).
-70
What is (6 + -20 + 20 - (-1 - 6)) + 0 + 1?
14
What is the value of 62 + 8 - 34 - 21?
15
(-26 + -44 - -144) + 1
75
(-2 - -2 - -7 - (-303 + 305)) + 33
38
What is (2 + -12 - (0 + 1)) + (-207 + 103 - -102)?
-13
Calculate 7 + (27 - 103) + -21 + 1 + 4 + -1.
-86
What is the value of -2 + 0 - -2 - ((209 - 117) + -92)?
0
88 - (-17 - -128) - (-86 - 0) - (4 + 1)
58
Evaluate 4 + -97 + (-250 - -396).
53
What is -1 + -2 + (35 - (-3 + -8 - -10))?
33
Evaluate (-48 - -43 - -37) + -1.
31
Evaluate 4 + 32 - -27 - (15 + -4).
52
What is the value of 95 - (49 + 7 + 0)?
39
Evaluate -4 + -4 + 0 + -34 + 589 + -591.
-44
What is the value of 2 + -19 - (-7973 + 7941)?
15
Evaluate (42 - 35) + (51 - (9 - (19 - 10))).
58
-68 + -13 + (39 - 23) + -9
-74
What is 16 - 0 - (144 + -133 - (1 - 105))?
-99
-4 + (-24 - 12) + 7 - (-4 + 6 - 6)
-29
17 - 2 - (382 + -386 + (95 - 3) + 3)
-76
Evaluate 28 + -27 + (6 - 24) + -7.
-24
What is the value of 68 + (47 - (95 - 84))?
104
Calculate -21 - (24 - (13 + -9 + 8)).
-33
What is -48 + -2 + 5 - (-10 + -3 + 19)?
-51
Calculate 170 + -307 + (-1 - -115).
-23
-1 + 6 + 2 + 22
29
What is the value of 3 - (2 + -9) - (1350 + -1321)?
-19
Calculate -597 - (-861 - -321) - (0 + (1 - 1 - -9)).
-66
Evaluate 22 + (-611 - -585) + (-1 - -20).
15
Calculate -10 - (1 + 11) - (21 + -9).
-34
Calculate 4 - ((7 - 3) + 0 + -1 + 221 + -256).
36
What is 821 + -836 + 26 + 0?
11
Calculate (22 - 12) + (0 - (2 + 5 - 2)).
5
Evaluate 9 + -15 + 11 + (0 - 32).
-27
Calculate -3 + (-7 - -9 - -9) + -16 - 2.
-10
Evaluate (143 + -75 - 70) + -14 + -1.
-17
What is the value of -5 + -11 + (27 - 36) + 10 + (2 - -8)?
-5
(9 - 22) + 6 + -3 + 8 + -1
-3
What is the value of (219 - 97 - 6) + -50?
66
Calculate 32 - (40 - 77 - -55).
14
-10 + (12 - -69) + -10
61
52 + 1 + -14187 + 14010
-124
0 - ((-1 - (-2 + -4 + -1)) + -3381 + 3416)
-41
What is 15 + (-7 - -15) + -26 + 29?
26
What is the value of (4 - -4) + 97 + -131 - (0 - (-2 + 5))?
-23
What is the value of 0 + (-126 - -2) - (1 + -316 - -305)?
-114
-5 + (-35 - 3) + (7 + -12 - (8 + -25))
-31
What is the value of -159 - (-37 - (171 + -133))?
-84
Evaluate (-460 - -575) + 0 + -96.
19
Calculate -14 - (-57 - 67) - (-3 + 38).
75
Calculate (4 - (-2 + 15 + -3)) + -1046 + 1046.
-6
Evaluate (-1 - 115 - (88 - 84)) + 10 + -3.
-113
Calculate 32 + -42 + 10 + 0 + 6.
6
Calculate (-30 - (52 - 11)) + 7 + -20.
-84
Calculate (-25 + 20 - 3) + (-4 - (5 + -90) - -3).
76
Evaluate -27 + 2 + -25 + 20 + 94.
64
Evaluate 22 + 24 + -37 + 18 + 33.
60
Evaluate (-274 - -320) + (-14 - 9) + (-1 - (-16 + 1)).
37
Calculate 0 - (0 - 81) - (6 + (5 + -15 - -1)).
84
(-29 - (21 - (34 - 25))) + 19
-22
What is -4 + (-1 - -35 - (24 + -19 + -18))?
43
Evaluate (-1443 - -1462) + ((-1 - -1) + 7 - -1) + -2.
25
Calculate 63 - ((8 - 2) + -9) - 16.
50
Evaluate -3 - (5 - 37) - -4 - (-7 + 6) - 1.
33
Calculate 46 + (17 - (52 - 15 - -45)).
-19
Calculate 48 - (-34 + 62) - (7 + 2).
11
Calculate 6 + (9 - 4) + (94 - (51 - 10)).
64
What is (117 - (53 - 13)) + -13 + -1 - -14?
77
88 + -61 + 83 - 23
87
Calculate 1 - -15 - (-5 + -3 - -26) - (-1 - -34).
-35
What is the value of 1 - (115 + -238 + (6 - (1 - -1)))?
120
What is the value of 48 + (5 - 31) - (7 + 1) - -10?
24
Calculate -7 + (-139 - -155) + (-4 - 0) + 27.
32
-1 - 2 - (-75 - (-17 + 5 + -17))
43
(2 - -38) + (15 - 1) + (-30 - (-31 + 13))
42
Calculate 7 + (10 + -20 - -11 - 44).
-36
Calculate 0 + -52 + -1228 + 1286.
6
Calculate -2 + 25 - (-9 - (-9 - (1 + -3))).
25
Evaluate (1 - (19 + 23 + -24)) + -1 - -19.
1
Evaluate -49 - (-109 + 61 + -53).
52
What is the value of 25 - (1 - (-5 + 4)) - (6 + -13)?
30
Evaluate (-1 - -13) + 1 + 6 + (10 - 5).
24
Calculate -10 + 7 + -2 - (-2 - (-3 - -8)).
2
Calculate (61 - 61) + 36 - (-10 + 1).
45
Calculate 61 + -104 + -11 - -56.
2
Calculate 22 + -23 + 4 + 11 + 13.
27
What is 92 + (415 + -432 - (1 + (-4 - -3) + -10))?
85
-1 - ((5 - 2) + (11 - 4) + (10 - 13))
-8
-3 + 2 + -37 + 59
21
Evaluate 67 - (-14 + -78 + 138).
21
Evaluate (-21 - -1) + -18 + (32 - 74 - -77).
-3
28 - (-18 + 1 + 16 + (43 - 46))
32
Calculate (-2 - (13 - -10)) + 19 - (-68 + -3).
65
What is the value of 55 + 2 + -4 + (-19 - -13 - 6)?
41
Calculate 5 + 0 + 6 + (0 - 0 - 5) + -49.
-43
What is (-2 - 38) + (-5 - (-6 + (7 - (10 - 2))))?
-38
Calculate -27 + 4 + (-6 - (0 + -2)) - (652 - 646).
-33
What is 105 - (-62 - (95 - 184))?
78
Evaluate (-12 - -3) + (-1 - -7) - -13 - 3 - 14.
-7
Evaluate -32 + (-1 + 1 + 7 - (17 - (-39 - -59))).
-22
What is -33 + (-19 + 56 - 76)?
-72
-33 + -12 + 100 + -52
3
7 + (3 - ((-6 - -4) + 5)) - (-18 + 96)
-71
102 - 86 - (-18 + -5) - 5
34
Evaluate 9 - (1 - -8 - (0 - -10 - (-3 - -19))).
-6
What is -807 - -822 - (28 + 0) - 12?
-25
Evaluate (-2 - 0 - (635 + -635)) + -29.
-31
Evaluate (10 + (-24 - 6) + -33 - 20) + (5 - 0).
-68
What is (340 - (-106 + 408)) + 1 + -75?
-36
What is the value of -26 - (46 - 40) - (1 - -8)?
-41
What is 31 - ((-22 - (-36 + 7)) + (-1 - 16) - -10)?
31
Calculate 46 + -26 + -21 - (-40 + 7).
32
Calculate (2 - -76) + -959 + 906.
25
What is 39 + -49 + -18 + -3 + 43?
12
Calculate (3 + 0 - -5) + -48 + 19.
-21
Evaluate 84 + -73 + (69 - 66).
14
What is 0 + 4 - (-7 + 33 + (-71 - -61))?
-12
What is the value of (2 - 1 - 0) + (-137 - (4 - -17)) + 36?
-121
1 + -40 + 13 + (6 - 28)
-48
Evaluate (9 - 3 - (-49 + 45)) + 5 + -55.
-40
What is (93 - 88) + (-6 - -26)?
25
Evaluate (1 - 3 - 7) + (-15 - (-36 + 10)).
2
Evaluate 51 + (-24 - 27) + -27.
-27
Calculate -3 - -4 - ((-7 - 6) + 6 + 0 + 112).
-104
What is the value of -1 - -11 - (2 - (-9 + 6) - (-12 + -52))?
-59
Calculate -9 + 8 + 86 + -59.
26
(10 - 21) + 16 + -1 + (3 - -4) + -10
1
What is the value of 2 - -11 - (2 + 0) - (3 + 1 + -88)?
95
Evaluate (-3 - (-24 + 11)) + (-18 - -51).
43
What is -16 - (-18 - -12 - 31)?
21
Calculate (-59 - -46) + -51 - -21.
-43
Evaluate 16 + (3 - (-14 + 31)) + -16 - -10.
-4
(-2 - (-19 + 15)) + 4 - (-1 - -34)
-27
What is 1 + -12 + 60 + (-5 - (-12 - -13))?
43
What is 138 + -214 + (6 - 12 - (-1 - 6))?
-75
34 - (3 - (-5 + 16 + -12)) - 6
24
What is the value of -19 + 2 - (-35 + 30) - (-35 + 10 + -19)?
32
56 - (57 + -60 - -57)
2
What is the value of (4 - ((0 - -22) + -5 + 7)) + (54 - 58)?
-24
What is the value of (-99 - -94) + -2 + 1 + (-6 - (3 - -5))?
-20
Calculate -33 + -59 + 81 - (-1 + -2 - -4).
-12
What is (5 - (1 + 20)) + (-15 - ((-28 - -7) + 8))?
-18
Calculate 52 + -3 + 14 + -16.
47
Calculate (4 - (34 - -2)) + -1691 + 1799.
76
What is 4 - 14 - (-12 - ((-1 - -5) + -7)) - -53?
52
Calculate (-9 - -18) + -32 + 13 + -12.
-22
Calculate 5 - (-96 + 4 + 19) - (12 + -9 + 0).
75
What is 47 + (-13 - 8) + -22 + -2 + -5 + 35?
32
Evaluate (-11 - -3) + (1 + 2 - -77) - 12.
60
4 - (-21 - -32) - (0 + -2 - (-16 - -31))
10
What is the value of (-21 - ((-7 - 13) + -43)) + 4?
46
50 + -61 - ((69 - 65) + 0 + -115 + 0)
100
What is the value of 4 + -22 - 6 - (7 - 38) - 148?
-141
What is 17 + 1 - ((32 - 12) + 37 - -15)?
-54
What is the value of -15 + (-31 + 14 + 3 - (-24 + 8)) + 124?
111
Calculate (-142 - (26 + -166)) + 70.
68
What is -11 - -76 - (68 - 37)?
34
What is 89 + (-7 - (22 - (44 - 17)) - -7)?
94
Evaluate (-31 + 47 - 27 - (1 - 54)) + 8.
50
-33 + 56 - (23 - (-7 + 22))
15
Calculate 7 - ((32 - 7) + -20 - (-63 - (-1 + 4))).
-64
34 - (28 - 4 - 0) - 33
-23
What is -43 - 5 - 2 - (20 - 21) - (-1 - 7)?
-41
14 - (2752 + -2717 + 1 + (1 - 10))
-13
What is -17 + 8 + 2 + -2 + (133 - (-7 + -2))?
133
What is the value of 1 - -6 - (-23 + (14 - -31) + -14)?
-1
C